{"id":18,"date":"2011-03-24T16:25:51","date_gmt":"2011-03-24T16:25:51","guid":{"rendered":"http:\/\/soens-ferienwohnung.de\/?page_id=18"},"modified":"2011-03-24T16:28:02","modified_gmt":"2011-03-24T16:28:02","slug":"kontaktformular","status":"publish","type":"page","link":"https:\/\/soens-ferienwohnung.de\/?page_id=18","title":{"rendered":"Kontaktformular"},"content":{"rendered":"<div role=\"form\" class=\"wpcf7\" id=\"wpcf7-f302-o1\" lang=\"en-US\" dir=\"ltr\">\n<div class=\"screen-reader-response\"><\/div>\n<form action=\"\/index.php?rest_route=%2Fwp%2Fv2%2Fpages%2F18#wpcf7-f302-o1\" method=\"post\" class=\"wpcf7-form\" novalidate=\"novalidate\">\n<div style=\"display: none;\">\n<input type=\"hidden\" name=\"_wpcf7\" value=\"302\" \/>\n<input type=\"hidden\" name=\"_wpcf7_version\" value=\"5.0.2\" \/>\n<input type=\"hidden\" name=\"_wpcf7_locale\" value=\"en_US\" \/>\n<input type=\"hidden\" name=\"_wpcf7_unit_tag\" value=\"wpcf7-f302-o1\" \/>\n<input type=\"hidden\" name=\"_wpcf7_container_post\" value=\"0\" \/>\n<\/div>\n<p>Ihr Name (Pflichtfeld)<br \/>\n    <span class=\"wpcf7-form-control-wrap your-name\"><input type=\"text\" name=\"your-name\" value=\"\" size=\"40\" class=\"wpcf7-form-control wpcf7-text wpcf7-validates-as-required\" aria-required=\"true\" aria-invalid=\"false\" \/><\/span> <\/p>\n<p>Ihre E-Mail-Adresse (Pflichtfeld)<br \/>\n    <span class=\"wpcf7-form-control-wrap your-email\"><input type=\"email\" name=\"your-email\" value=\"\" size=\"40\" class=\"wpcf7-form-control wpcf7-text wpcf7-email wpcf7-validates-as-required wpcf7-validates-as-email\" aria-required=\"true\" aria-invalid=\"false\" \/><\/span> <\/p>\n<p>Betreff<br \/>\n    <span class=\"wpcf7-form-control-wrap your-subject\"><input type=\"text\" name=\"your-subject\" value=\"\" size=\"40\" class=\"wpcf7-form-control wpcf7-text\" aria-invalid=\"false\" \/><\/span> <\/p>\n<p>Ihre Nachricht<br \/>\n    <span class=\"wpcf7-form-control-wrap your-message\"><textarea name=\"your-message\" cols=\"40\" rows=\"10\" class=\"wpcf7-form-control wpcf7-textarea\" aria-invalid=\"false\"><\/textarea><\/span> <\/p>\n<p>Bitte tragen Sie den Code in das untenstehende Feld ein!<\/p>\n<p><input type=\"hidden\" name=\"_wpcf7_captcha_challenge_captcha-769\" value=\"4189868877\" \/><img class=\"wpcf7-form-control wpcf7-captchac wpcf7-captcha-captcha-769\" width=\"72\" height=\"24\" alt=\"captcha\" src=\"https:\/\/soens-ferienwohnung.de\/wp-content\/uploads\/wpcf7_captcha\/4189868877.png\" \/><\/p>\n<p><span class=\"wpcf7-form-control-wrap captcha-769\"><input type=\"text\" name=\"captcha-769\" value=\"\" size=\"40\" class=\"wpcf7-form-control wpcf7-captchar\" autocomplete=\"off\" aria-invalid=\"false\" \/><\/span><\/p>\n<p><span class=\"wpcf7-form-control-wrap Datenschutz\"><span class=\"wpcf7-form-control wpcf7-acceptance\"><span class=\"wpcf7-list-item\"><input type=\"checkbox\" name=\"Datenschutz\" value=\"1\" aria-invalid=\"false\" id=\"einwilligung\" \/><\/span><\/span><\/span> <span class=\"einwilligung\"> <label for=\"einwilligung\" style=\"display:inline-block\">Ich stimme zu, dass meine Angaben zur Kontaktaufnahme und f\u00fcr R\u00fcckfragen dauerhaft gespeichert werden.<\/label><\/span><br \/>\n<span style=\"font-size:12px; line-height:1em; display:block\">Hinweis: Sie k\u00f6nnen Ihre Einwilligung jederzeit f\u00fcr die Zukunft per Mail an <span style=\"white-space:nowrap\">info@soens-ferienwohnung.de<\/span> widerrufen.<br><br \/>\nDetaillierte Informationen zum Umgang mit Nutzerdaten finden Sie in unserer <a href=\"\/?page_id=303\/\" target=\"_blank\">Datenschutzerkl\u00e4rung<\/a>.<\/span><\/p>\n<p><input type=\"submit\" value=\"Senden\" class=\"wpcf7-form-control wpcf7-submit\" \/><\/p>\n<div class=\"wpcf7-response-output wpcf7-display-none\"><\/div><\/form><\/div>\n","protected":false},"excerpt":{"rendered":"\n<p>Ihr Name (Pflichtfeld) <\/p>\n<p>Ihre E-Mail-Adresse (Pflichtfeld) <\/p>\n<p>Betreff <\/p>\n<p>Ihre Nachricht <\/p>\n<p>Bitte tragen Sie den Code in das untenstehende Feld ein!<\/p>\n<\/p>\n<p> Ich stimme zu, dass meine Angaben zur Kontaktaufnahme und f\u00fcr R\u00fcckfragen dauerhaft gespeichert werden. Hinweis: Sie k\u00f6nnen Ihre Einwilligung jederzeit f\u00fcr die Zukunft per Mail an info@soens-ferienwohnung.de widerrufen. Detaillierte Informationen zum Umgang mit Nutzerdaten finden Sie in unserer Datenschutzerkl\u00e4rung.<\/p><\/p>\n","protected":false},"author":1,"featured_media":0,"parent":0,"menu_order":50,"comment_status":"open","ping_status":"closed","template":"","meta":[],"_links":{"self":[{"href":"https:\/\/soens-ferienwohnung.de\/index.php?rest_route=\/wp\/v2\/pages\/18"}],"collection":[{"href":"https:\/\/soens-ferienwohnung.de\/index.php?rest_route=\/wp\/v2\/pages"}],"about":[{"href":"https:\/\/soens-ferienwohnung.de\/index.php?rest_route=\/wp\/v2\/types\/page"}],"author":[{"embeddable":true,"href":"https:\/\/soens-ferienwohnung.de\/index.php?rest_route=\/wp\/v2\/users\/1"}],"replies":[{"embeddable":true,"href":"https:\/\/soens-ferienwohnung.de\/index.php?rest_route=%2Fwp%2Fv2%2Fcomments&post=18"}],"version-history":[{"count":2,"href":"https:\/\/soens-ferienwohnung.de\/index.php?rest_route=\/wp\/v2\/pages\/18\/revisions"}],"predecessor-version":[{"id":20,"href":"https:\/\/soens-ferienwohnung.de\/index.php?rest_route=\/wp\/v2\/pages\/18\/revisions\/20"}],"wp:attachment":[{"href":"https:\/\/soens-ferienwohnung.de\/index.php?rest_route=%2Fwp%2Fv2%2Fmedia&parent=18"}],"curies":[{"name":"wp","href":"https:\/\/api.w.org\/{rel}","templated":true}]}}